 the units digit of 722?
2
What is the ten thousands digit of 24340?
2
What is the ten thousands digit of 13537?
1
What is the tens digit of 9323?
2
What is the thousands digit of 100595?
0
What is the tens digit of 6168?
6
What is the tens digit of 15428?
2
What is the tens digit of 93?
9
What is the thousands digit of 22882?
2
What is the thousands digit of 30091?
0
What is the hundreds digit of 50113?
1
What is the tens digit of 1648?
4
What is the units digit of 23657?
7
What is the tens digit of 283?
8
What is the units digit of 680?
0
What is the thousands digit of 3528?
3
What is the hundreds digit of 844?
8
What is the tens digit of 16122?
2
What is the hundreds digit of 2331?
3
What is the tens digit of 1191?
9
What is the units digit of 11958?
8
What is the hundreds digit of 10054?
0
What is the thousands digit of 7184?
7
What is the units digit of 1406?
6
What is the tens digit of 3957?
5
What is the tens digit of 65715?
1
What is the units digit of 16179?
9
What is the tens digit of 91?
9
What is the units digit of 3337?
7
What is the tens digit of 447?
4
What is the thousands digit of 10672?
0
What is the tens digit of 386?
8
What is the hundreds digit of 606?
6
What is the ten thousands digit of 12354?
1
What is the hundreds digit of 2255?
2
What is the tens digit of 13602?
0
What is the hundreds digit of 43173?
1
What is the tens digit of 33508?
0
What is the ten thousands digit of 27442?
2
What is the thousands digit of 1289?
1
What is the units digit of 5501?
1
What is the thousands digit of 1086?
1
What is the tens digit of 437?
3
What is the hundreds digit of 2265?
2
What is the hundreds digit of 3614?
6
What is the tens digit of 45861?
6
What is the units digit of 2657?
7
What is the hundreds digit of 329?
3
What is the hundreds digit of 575?
5
What is the ten thousands digit of 93776?
9
What is the units digit of 17477?
7
What is the thousands digit of 1187?
1
What is the hundreds digit of 3456?
4
What is the thousands digit of 26473?
6
What is the hundreds digit of 860?
8
What is the hundreds digit of 302?
3
What is the units digit of 18342?
2
What is the hundreds digit of 1505?
5
What is the thousands digit of 3792?
3
What is the hundreds digit of 45427?
4
What is the hundreds digit of 162686?
6
What is the thousands digit of 1124?
1
What is the hundreds digit of 22052?
0
What is the hundreds digit of 2326?
3
What is the hundreds digit of 99791?
7
What is the ten thousands digit of 43626?
4
What is the hundreds digit of 21747?
7
What is the hundreds digit of 9119?
1
What is the hundreds digit of 9115?
1
What is the units digit of 765?
5
What is the tens digit of 1275?
7
What is the ten thousands digit of 65352?
6
What is the tens digit of 7481?
8
What is the units digit of 3206?
6
What is the units digit of 26248?
8
What is the units digit of 107?
7
What is the tens digit of 542?
4
What is the thousands digit of 11894?
1
What is the thousands digit of 9048?
9
What is the hundreds digit of 328?
3
What is the hundreds digit of 10828?
8
What is the ten thousands digit of 102757?
0
What is the thousands digit of 21943?
1
What is the units digit of 78358?
8
What is the ten thousands digit of 16138?
1
What is the units digit of 1252?
2
What is the tens digit of 724?
2
What is the thousands digit of 71515?
1
What is the tens digit of 2315?
1
What is the ten thousands digit of 54132?
5
What is the hundreds digit of 30113?
1
What is the thousands digit of 3139?
3
What is the tens digit of 750?
5
What is the units digit of 209?
9
What is the ten thousands digit of 35044?
3
What is the units digit of 9028?
8
What is the tens digit of 7847?
4
What is the hundreds digit of 704?
7
What is the ten thousands digit of 22564?
2
What is the tens digit of 14865?
6
What is the thousands digit of 7000?
7
What is the hundreds digit of 11352?
3
What is the hundreds digit of 14443?
4
What is the ten thousands digit of 19545?
1
What is the ten thousands digit of 16993?
1
What is the thousands digit of 23785?
3
What is the units digit of 9443?
3
What is the tens digit of 5220?
2
What is the ten thousands digit of 48655?
4
What is the ten thousands digit of 23123?
2
What is the units digit of 3670?
0
What is the tens digit of 1839?
3
What is the units digit of 59381?
1
What is the tens digit of 9558?
5
What is the tens digit of 1400?
0
What is the hundreds digit of 4285?
2
What is the units digit of 288?
8
What is the units digit of 17265?
5
What is the tens digit of 45672?
7
What is the hundreds digit of 7616?
6
What is the units digit of 2755?
5
What is the thousands digit of 1358?
1
What is the thousands digit of 2847?
2
What is the tens digit of 1064?
6
What is the hundred thousands digit of 107795?
1
What is the hundreds digit of 3743?
7
What is the units digit of 13316?
6
What is the thousands digit of 3794?
3
What is the thousands digit of 6410?
6
What is the thousands digit of 40091?
0
What is the units digit of 676?
6
What is the tens digit of 3851?
5
What is the hundreds digit of 9177?
1
What is the hundreds digit of 71449?
4
What is the tens digit of 30582?
8
What is the thousands digit of 58784?
8
What is the hundreds digit of 31041?
0
What is the hundreds digit of 6057?
0
What is the units digit of 504?
4
What is the thousands digit of 2517?
2
What is the units digit of 96?
6
What is the tens digit of 25885?
8
What is the tens digit of 11746?
4
What is the ten thousands digit of 118828?
1
What is the hundreds digit of 1605?
6
What is the thousands digit of 39771?
9
What is the units digit of 4291?
1
What is the tens digit of 994?
9
What is the tens digit of 1105?
0
What is the units digit of 91692?
2
What is the thousands digit of 6994?
6
What is the units digit of 523?
3
What is the thousands digit of 1998?
1
What is the hundreds digit of 37208?
2
What is the hundreds digit of 1865?
8
What is the units digit of 1184?
4
What is the tens digit of 20466?
6
What is the units digit of 43598?
8
What is the tens digit of 81?
8
What is the hundreds digit of 1226?
2
What is the units digit of 3519?
9
What is the tens digit of 2325?
2
What is the tens digit of 433?
3
What is the tens digit of 575?
7
What is the hundreds digit of 13395?
3
What is the tens digit of 3477?
7
What is the thousands digit of 70304?
0
What is the hundreds digit of 10627?
6
What is the thousands digit of 10660?
0
What is the ten thousands digit of 25296?
2
What is the thousands digit of 7586?
7
What is the tens digit of 56?
5
What is the units digit of 9454?
4
What is the tens digit of 1200?
0
What is the tens digit of 66631?
3
What is the units digit of 23025?
5
What is the tens digit of 73077?
7
What is the thousands digit of 2610?
2
What is the units digit of 10712?
2
What is the thousands digit of 99173?
9
What is the ten thousands digit of 18547?
1
What is the thousands digit of 16427?
6
What is the tens digit of 807?
0
What is the units digit of 273?
3
What is the hundreds digit of 1430?
4
What is the hundreds digit of 10536?
5
What is the units digit of 16863?
3
What is the units digit of 1688?
8
What is the tens digit of 9150?
5
What is the units digit of 314?
4
What is the thousands digit of 1306?
1
What is the ten thousands digit of 14633?
1
What is the hundred thousands digit of 138399?
1
What is the tens digit of 280?
8
What is the thousands digit of 2650?
2
What is the units digit of 38427?
7
What is the hundreds digit of 37182?
1
What is the tens digit of 13706?
0
What is the hundreds digit of 1526?
5
What is the hundreds digit of 9384?
3
What is the tens digit of 3007?
0
What is the hundreds digit of 947?
9
What is the tens digit of 164?
6
What is the hundreds digit of 5060?
0
What is the thousands digit of 1232?
1
What is the thousands digit of 2649?
2
What is the tens digit of 79?
7
What is the hundreds digit of 786?
7
What is the hundreds digit of 4585?
5
What is the units digit of 801?
1
What is the units digit of 1198?
8
What is the units digit of 5656?
6
What is the thousands digit of 59359?
9
What is the hundreds digit of 266?
2
What is the tens digit of 18842?
4
What is the units digit of 80031?
1
What is the units digit of 2673?
3
What is the tens digit of 54995?
9
What is the units digit of 296?
6
What is the hundreds digit of 28378?
3
What